be z(-6). Let b(n) = -10*n - 3. Let t(m) = -32*m - 10. Let y(p) = q*t(p) + 7*b(p). Calculate y(2).
-13
Let o(j) = -j**3 + 5*j**2 - 8*j + 7. Let m(c) = 2*c + 42. Let z be m(-5). Suppose -4*w = z - 52. Determine o(w).
-33
Suppose -5*q + 80 = 504*l - 499*l, 0 = -5*q + 5*l + 130. Let w(i) = -i**2 + 18*i - 4. Calculate w(q).
-67
Suppose 3*a = s + 28, -3*a - 9*s + 22 = -4*s. Let w be (-8)/((12/(-18))/(6/a)). Let y(l) = -l + 4. Give y(w).
-4
Suppose 79*z + 126 = 85*z. Let b(w) = 3*w**2 - 61*w - 36. Let x be b(z). Let p(h) = h**2 - 7*h + 6. Calculate p(x).
0
Let f(b) = -b**2 - 13*b + 42. Let q be f(-15). Let m(x) = -16*x + 13*x - x**2 + q*x - 8. Determine m(9).
-8
Let q(a) = -2 - 2 + 57939*a - 3 - 57942*a. What is q(0)?
-7
Let i(z) = 4*z**2 - 5*z - 9. Suppose -6 = 3*s - 0*s + 3*v, 0 = -3*s - 5*v - 2. Let m(h) = -4*h**2 + 4*h + 7. Let a(l) = s*m(l) - 3*i(l). Determine a(-1).
4
Let r(o) = -o**3 + 6*o**2 + 2*o - 12. Let w be r(6). Let s(z) = w*z + 176*z**3 - 1 + 2*z**2 - 174*z**3 - 2*z. What is s(-2)?
-5
Let d(i) be the first derivative of i**2 - 30*i + 44. Let n be d(11). Let b(y) = -y - 18. Calculate b(n).
-10
Let i(f) be the second derivative of f**4/6 + f**2 + f. Let c(y) be the first derivative of i(y). Let k be 10/(-6)*(-4002)/3335. Determine c(k).
8
Let w(u) = u - 14. Let h be (-358)/(-24) - (-27)/324. Give w(h).
1
Let g = 29 + -26. Suppose 0 = g*l - 5*n - 196, 4*l + 69 = 5*n + 337. Let v be ((-3)/6 + -1)/((-27)/l). Let r(h) = h**2 - 7*h + 5. What is r(v)?
-7
Suppose 294*o + 105 + 483 = 0. Let b(t) = 36*t + 79. Calculate b(o).
7
Let z be ((-4)/18)/(5*23/(-8280)). Let t(j) = 8*j - 133. Calculate t(z).
-5
Let s(l) be the third derivative of -7*l**4/24 + 25*l**3/3 - 3*l**2 + 383*l. What is s(10)?
-20
Let m(b) = 13*b - 5. Let y(t) be the second derivative of 20*t**3/3 - 8*t**2 + 7*t - 15. Let h = -8 + 13. Let j(k) = h*y(k) - 16*m(k). Determine j(1).
-8
Let l(s) be the second derivative of -s**5/20 - s**4/6 + s**3/2 - s**2 - 136*s. Let r(n) = -n**3 - 20*n**2 - 36*n - 3. Let z be r(-18). Give l(z).
-2
Let t(l) = -7*l**2 - 66*l**2 - 38359*l + 38358*l. Calculate t(-1).
-72
Suppose 10*k - 11*k = 4*k. Let y(q) = -2 + k*q**2 - 14*q**2 - 6*q**2 - 3*q**2 + 9*q + 22*q**2. Give y(4).
18
Let w(b) = 2*b**3 - 9*b**2 + 72*b - 7. Let x(d) = -2*d**3 + 4*d**2 - 72*d + 5. Let l(h) = -4*w(h) - 3*x(h). Give l(7).
-1
Let i(a) = 25*a + 195. Let x(s) = -s**3 - 12*s**2 - 30*s. Let v be x(-4). Let d be i(v). Let l(o) = 7*o + 1. Calculate l(d).
-34
Let j(s) be the third derivative of -s**5/24 - s**4/8 + 19*s**3/3 + 26*s**2. Let l(o) be the first derivative of j(o). Suppose -1 = -b - 3. Determine l(b).
7
Let d(v) = 2*v**3 + 2*v - 3. Let g = 23 + -20. Suppose -4*t + g*t + 6 = 0. Suppose -2*k - k = -t. Determine d(k).
17
Let f(c) = -13*c + 51. Let t be (1 + 14)*(5 - 7)*2/(-10). Determine f(t).
-27
Let o(m) = -4 + 929*m - 1863*m + 936*m - 12. Calculate o(17).
18
Let u(n) = -8*n + 8*n - 25*n + 13*n + 0*n. Give u(-1).
12
Let y = -526 + 525. Let g be (5/(60/(-8)) - y)*15. Let i(r) = -r**2 + 3*r - 4. Give i(g).
-14
Let x(y) = 17*y - 20. Suppose 0 = -5*s + 4*r - 18, -7*s - 10 = -10*s - 8*r. Calculate x(s).
-54
Let b(h) be the second derivative of -5*h**3/2 - 109*h**2 + 6329*h. Determine b(-16).
22
Let u(x) be the second derivative of 1/120*x**6 + 0*x**4 + 29/2*x**2 + 25*x + 2/15*x**5 + 0 + 2/3*x**3. Let b(h) be the first derivative of u(h). What is b(-8)?
4
Suppose -8*s - 11 = -75. Suppose 3*a + 3 = -3*b, 2*a = -12*b + s*b. Let z(n) = 3*n - 1. Give z(a).
-7
Suppose 155 = -5*o + 100 + 100. Let q(g) be the second derivative of g**5/20 - 5*g**4/6 + 5*g**3/6 + 3*g**2 + 18*g. Give q(o).
-30
Let l be (-4 + 17/4)/(5*3/420). Let g(q) be the first derivative of -15 - 3*q**2 - l*q + 1/3*q**3. Give g(5).
-12
Let y(n) = -2*n - 1 + 23*n + 8 + n - 13*n. Calculate y(15).
142
Let f(s) = -s**2 + 2*s + 41. Let k be (22/198)/((-1)/2) - (-188)/36. Determine f(k).
26
Let g(r) be the first derivative of r**6/360 + r**5/24 - r**4/8 + 16*r**3/3 - 3*r - 25. Let w(h) be the third derivative of g(h). What is w(-4)?
-7
Suppose -6*b - 24 - 4 = -40. Let w(s) be the first derivative of -1/2*s**b - 5*s - 40. Determine w(0).
-5
Let j(x) = -x**3 + x + 16. Suppose 847*b = 848*b - 227. Let a = -227 + b. What is j(a)?
16
Let i(x) be the third derivative of -x**4/4 - 4*x**3 + 8*x**2 - 2*x + 21. Give i(0).
-24
Let z(h) = h**2 - 2*h - 5. Suppose -112*g = 11*g + 615. Determine z(g).
30
Suppose c - 5 = 2*u - 7, 0 = -2*u + 2*c. Let w(d) = -3*d**3 + 5*d**u - 160*d - 166*d + 7 + 2*d**3 + 330*d. Determine w(6).
-5
Suppose -88 = -29*y + 7*y. Let i(s) = 26 - 8*s**2 - 51 + 26 - y*s**2. Suppose 0 = -3*z + 3*g, z = 3*g - 0*g - 2. Give i(z).
-11
Let j(t) = -t**2 + 11*t + 65. Let i be (-845)/(-65) + (0 - -3). Determine j(i).
-15
Let a(f) = -f**3 + 5*f**2 + 8*f - 3. Suppose -25*t + 331 = -944. Let c = 57 - t. Determine a(c).
9
Let y(m) = 5*m + 40. Suppose -2*n - 4*b - 18 = 0, 0 = -6*n + 10*n - 4*b + 36. Let c be y(n). Let w(i) = -i**3 - 5*i**2 - 2*i + 3. Calculate w(c).
13
Let m = 166 + -164. Suppose m*f + 12 = 5*f. Let d(x) = 3*x - 6. Calculate d(f).
6
Let z(n) = n**3 - 4*n**2 - 4*n + 13. Suppose 4*o - 48 + 40 = 0. Give z(o).
-3
Let f(k) be the first derivative of k**3/3 + 7*k**2/2 + 19*k + 6478. What is f(-8)?
27
Let v(a) = -5*a**2 - 10*a + 6. Let b(w) = -6*w**2 - 12*w + 8. Let u(k) = -4*b(k) + 5*v(k). Let p(r) = 2*r**3 + 2*r + 1. Let i be p(-1). Give u(i).
-5
Let v = 17470 + -17440. Let z(t) = -t**3 + 31*t**2 - 29*t + 24. Calculate z(v).
54
Let k(n) = -2*n - 4. Let i(m) be the first derivative of -3*m**2/2 - 7*m - 6. Let l(p) = -3*i(p) + 5*k(p). Let a(u) = -u - 4. Let r be a(2). Determine l(r).
7
Let r(h) = 5*h**3 - 2*h - 1. Let i be r(-1). Let j(m) = -6 - 5 + 13 - 18*m + 14*m + 3. Determine j(i).
21
Suppose 172*s + 32*s = -1632. Let t(b) = -b**3 - 5*b**2 + 25*b. Determine t(s).
-8
Let r(m) = 28*m**2 + 195*m + 1. Let u = -20773 + 20766. Give r(u).
8
Let i(y) = -5*y**3 + y**2 + 4*y + 2. Let f(p) = -p**3 + p**2 + p. Let a = 187 - 188. Let d(s) = a*i(s) + 6*f(s). What is d(4)?
22
Let r(d) = d**2 - d - 1. Let z(h) be the second derivative of -h**5/20 + 5*h**4/6 + 2*h**3/3 + 75*h**2/2 + 25*h. Let g be z(11). What is r(g)?
5
Let a(d) be the first derivative of d**5/20 - 3*d**4/4 - 11*d**3/6 + d**2/2 + 66*d - 10. Let l(q) be the first derivative of a(q). Calculate l(10).
-9
Let l(o) = -6*o**2 - 26*o - 9. Suppose 8*a - 4*q = 10*a - 32, 5*q = 5*a - 20. Let j(k) = 2*k**2 + 9*k + 3. Let u(d) = a*j(d) + 3*l(d). Give u(-2).
1
Let v(s) = -2*s + 7. Let m(h) = 17*h - 11. Let u be m(-3). Let q = u + 29. Let n = q - -39. What is v(n)?
-5
Let q(d) be the third derivative of -1/60*d**5 + 1/12*d**4 + 81*d**2 - 1/24*d**6 + 0*d - 1/6*d**3 + 0. Give q(-2).
31
Let h(b) = -5*b - 6*b - 3*b + 8*b + 81*b**2 - 6 - b. Calculate h(-1).
82
Let a(p) = 4*p - 190. Let c(u) = -u + 55. Let b(x) = 2*a(x) + 7*c(x). Let s = 10 + -16. What is b(s)?
-1
Let x(m) = m**2 - 8*m - 7. Let q(u) = 4*u + 33. Let s be q(-4). Let o be (12 - s)*(-16)/10. Determine x(o).
-7
Let n(g) = 11*g**2 - 4*g + 5. Let p(y) = 10*y**2 - 5*y + 6. Let b(s) = -6*n(s) + 5*p(s). Suppose 129 = 12*x + 141. Determine b(x).
-15
Suppose 108 = -8*v + 180. Suppose 4*f + 4*l = -16, 3*f + l = f - v. Let z(h) = -h**3 - 5*h**2 - 2*h - 2. Give z(f).
8
Let d(q) be the third derivative of 0*q + 5/6*q**3 - q**2 + 1/120*q**6 + 13/24*q**4 + 3 + 13/60*q**5. What is d(-12)?
-7
Let i(h) be the first derivative of h**4/4 - 8*h**3/3 + 3*h**2/2 + 10*h - 7725. Determine i(6).
-44
Let c(g) = -4*g - 9. Let z(u) = 70*u + 1466. Let t be z(-21). What is c(t)?
7
Let p = 28 - 19. Let g(t) = -3*t**3 + 30*t**2 - 35*t + 23. Let x(j) = j**3 - 10*j**2 + 12*j - 7. Let k(s) = -3*g(s) - 8*x(s). Give k(p).
-13
Let g(w) = -w + 10. Let h = -64 - -50. Let s be 1/(26/h + 2). Determine g(s).
3
Let f(z) = -z**3 + z + 1. Let b(u) = -3*u**3 + 3*u**2 + 1. Let y(h) = b(h) - 2*f(h). Suppose -5*i + 853*m = 857*m - 10, 2*i - m - 4 = 0. Give y(i).
-1
Suppose 0 = -v + 3, 4*z - 5*v + 196 - 213 = 0. Let p(h) = h**3 - 17*h**2 + 69*h + 28. Calculate p(z).
4
Suppose -3*n + 14 = c, 6*n = 4*n + 4*c + 14. Suppose -n*w = -2*w - 9. Let z(f) = -5 + 136*f**2 - 138*f**2 + 1 + 5*f. Determine z(w).
-7
Let h(q) be the third derivative of q**6/120 + 5*q**5/12 + 8*q**4/3 - 14